8
What is the remainder when 304 is divided by 51?
49
What is the remainder when 267 is divided by 17?
12
Calculate the remainder when 6486 is divided by 39.
12
What is the remainder when 618 is divided by 89?
84
What is the remainder when 47 is divided by 16?
15
What is the remainder when 221 is divided by 28?
25
What is the remainder when 2768 is divided by 44?
40
What is the remainder when 869 is divided by 401?
67
Calculate the remainder when 133 is divided by 58.
17
What is the remainder when 448 is divided by 118?
94
What is the remainder when 87 is divided by 14?
3
What is the remainder when 4294 is divided by 1427?
13
Calculate the remainder when 8541 is divided by 95.
86
What is the remainder when 1608 is divided by 101?
93
Calculate the remainder when 67 is divided by 5.
2
Calculate the remainder when 177 is divided by 70.
37
What is the remainder when 351 is divided by 168?
15
Calculate the remainder when 412 is divided by 105.
97
What is the remainder when 573 is divided by 36?
33
Calculate the remainder when 393 is divided by 196.
1
What is the remainder when 439 is divided by 44?
43
What is the remainder when 540 is divided by 68?
64
Calculate the remainder when 12432 is divided by 4.
0
What is the remainder when 5662 is divided by 90?
82
What is the remainder when 569 is divided by 184?
17
Calculate the remainder when 48 is divided by 42.
6
What is the remainder when 351 is divided by 40?
31
Calculate the remainder when 667 is divided by 320.
27
Calculate the remainder when 16476 is divided by 77.
75
What is the remainder when 181 is divided by 129?
52
What is the remainder when 528 is divided by 75?
3
What is the remainder when 197 is divided by 41?
33
Calculate the remainder when 3738 is divided by 170.
168
Calculate the remainder when 355 is divided by 116.
7
What is the remainder when 1223 is divided by 68?
67
What is the remainder when 23490 is divided by 139?
138
What is the remainder when 68 is divided by 10?
8
Calculate the remainder when 1982 is divided by 367.
147
Calculate the remainder when 2618 is divided by 291.
290
What is the remainder when 1192 is divided by 367?
91
Calculate the remainder when 113 is divided by 48.
17
What is the remainder when 191 is divided by 59?
14
Calculate the remainder when 594 is divided by 257.
80
What is the remainder when 2801 is divided by 216?
209
Calculate the remainder when 80 is divided by 12.
8
Calculate the remainder when 245 is divided by 57.
17
What is the remainder when 257 is divided by 98?
61
Calculate the remainder when 104 is divided by 31.
11
Calculate the remainder when 29 is divided by 8.
5
What is the remainder when 277 is divided by 70?
67
What is the remainder when 249 is divided by 18?
15
Calculate the remainder when 719 is divided by 220.
59
What is the remainder when 101 is divided by 34?
33
Calculate the remainder when 378 is divided by 85.
38
Calculate the remainder when 984 is divided by 85.
49
What is the remainder when 808 is divided by 8?
0
Calculate the remainder when 666 is divided by 222.
0
What is the remainder when 95 is divided by 38?
19
Calculate the remainder when 707 is divided by 36.
23
What is the remainder when 881 is divided by 81?
71
Calculate the remainder when 34 is divided by 27.
7
Calculate the remainder when 81 is divided by 12.
9
What is the remainder when 1324 is divided by 25?
24
What is the remainder when 2609 is divided by 1300?
9
Calculate the remainder when 220 is divided by 17.
16
What is the remainder when 17627 is divided by 289?
287
Calculate the remainder when 480 is divided by 18.
12
Calculate the remainder when 214 is divided by 67.
13
Calculate the remainder when 599 is divided by 219.
161
Calculate the remainder when 976 is divided by 55.
41
What is the remainder when 299 is divided by 150?
149
What is the remainder when 361 is divided by 122?
117
Calculate the remainder when 120 is divided by 32.
24
What is the remainder when 193 is divided by 23?
9
What is the remainder when 137 is divided by 28?
25
Calculate the remainder when 27850 is divided by 173.
170
Calculate the remainder when 1269 is divided by 13.
8
Calculate the remainder when 1063 is divided by 15.
13
What is the remainder when 2207 is divided by 138?
137
Calculate the remainder when 45 is divided by 14.
3
What is the remainder when 1130 is divided by 42?
38
What is the remainder when 860 is divided by 135?
50
What is the remainder when 139 is divided by 36?
31
What is the remainder when 348 is divided by 10?
8
What is the remainder when 3453 is divided by 1724?
5
What is the remainder when 50431 is divided by 334?
331
Calculate the remainder when 797 is divided by 6.
5
Calculate the remainder when 109 is divided by 37.
35
What is the remainder when 2465 is divided by 189?
8
What is the remainder when 1542 is divided by 51?
12
What is the remainder when 222 is divided by 91?
40
What is the remainder when 50 is divided by 3?
2
What is the remainder when 245 is divided by 62?
59
Calculate the remainder when 198 is divided by 77.
44
What is the remainder when 1374 is divided by 16?
14
Calculate the remainder when 319 is divided by 46.
43
Calculate the remainder when 94 is divided by 33.
28
Calculate the remainder when 273 is divided by 197.
76
What is the remainder when 1517 is divided by 300?
17
What is the remainder when 2090 is divided by 131?
125
What is the remainder when 194 is divided by 28?
26
Calculate the remainder when 2315 is divided by 12.
11
What is the remainder when 761 is divided by 9?
5
What is the remainder when 1842 is divided by 22?
16
What is the remainder when 1428 is divided by 2?
0
What is the remainder when 713 is divided by 177?
5
Calculate the remainder when 286 is divided by 59.
50
Calculate the remainder when 2393 is divided by 14.
13
What is the remainder when 154 is divided by 11?
0
What is the remainder when 1241 is divided by 27?
26
What is the remainder when 247 is divided by 109?
29
Calculate the remainder when 511 is divided by 12.
7
What is the remainder when 634 is divided by 107?
99
Calculate the remainder when 8176 is divided by 4.
0
Calculate the remainder when 327 is divided by 7.
5
What is the remainder when 188 is divided by 151?
37
What is the remainder when 546 is divided by 2?
0
Calculate the remainder when 3000 is divided by 89.
63
What is the remainder when 4957 is divided by 1237?
9
Calculate the remainder when 122 is divided by 5.
2
Calculate the remainder when 1666 is divided by 30.
16
Calculate the remainder when 2525 is divided by 421.
420
Calculate the remainder when 2861 is divided by 27.
26
What is the remainder when 63 is divided by 5?
3
What is the remainder when 3832 is divided by 59?
56
What is the remainder when 91 is divided by 27?
10
What is the remainder when 405 is divided by 32?
21
Calculate the remainder when 439 is divided by 40.
39
What is the remainder when 1557 is divided by 30?
27
What is the remainder when 76 is divided by 7?
6
What is the remainder when 6094 is divided by 107?
102
What is the remainder when 16 is divided by 5?
1
Calculate the remainder when 219 is divided by 22.
21
What is the remainder when 3229 is divided by 32?
29
What is the remainder when 453 is divided by 23?
16
Calculate the remainder when 88 is divided by 22.
0
What is the remainder when 590 is divided by 103?
75
What is the remainder when 1418 is divided by 88?
10
What is the remainder when 1514 is divided by 29?
6
Calculate the remainder when 112 is divided by 20.
12
Calculate the remainder when 12293 is divided by 29.
26
Calculate the remainder when 74 is divided by 27.
20
Calculate the remainder when 5118 is divided by 8.
6
What is the remainder when 47 is divided by 2?
1
What is the remainder when 431 is divided by 6?
5
Calculate the remainder when 1734 is divided by 31.
29
Calculate the remainder when 87 is divided by 22.
21
What is the remainder when 4607 is divided by 22?
9
Calculate the remainder when 640 is divided by 14.
10
What is the remainder when 185 is divided by 47?
44
What is the remainder when 219 is divided by 10?
9
Calculate the remainder when 522 is divided by 519.
3
What is the remainder when 59 is divided by 21?
17
What is the remainder when 985 is divided by 45?
40
Calculate the re